{"id":2941,"date":"2023-01-14T17:50:29","date_gmt":"2023-01-14T16:50:29","guid":{"rendered":"https:\/\/bike-zentrum.de\/mentions-legales\/"},"modified":"2023-03-30T12:58:38","modified_gmt":"2023-03-30T10:58:38","slug":"mentions-legales","status":"publish","type":"page","link":"https:\/\/bike-zentrum.de\/fr\/mentions-legales\/","title":{"rendered":"Mentions l\u00e9gales"},"content":{"rendered":"\n\t<section class=\"section\" id=\"section_984017413\">\n\t\t<div class=\"section-bg fill\" >\n\t\t\t\t\t\t\t\t\t\n\t\t\t\n\n\t\t<\/div>\n\n\t\t\n\n\t\t<div class=\"section-content relative\">\n\t\t\t\n<div class=\"row\"  id=\"row-914332096\">\n\n\t<div id=\"col-1798143704\" class=\"col small-12 large-12\"  >\n\t\t\t\t<div class=\"col-inner\"  >\n\t\t\t\n\t\t\t\n<h1>Mentions l\u00e9gales<\/h1>\n<h2>Informations selon \u00a7 5 TMG<\/h2>\n<p>Bike-Zentrum &#8211; Attissimo GmbH<br \/>Bahnhofstra\u00dfe 2<br \/>77836 Rheinm\u00fcnster<\/p>\n<p>Registre du commerce : HR B 211355<br \/>Tribunal d&rsquo;enregistrement : AG Mannheim<\/p>\n<p><strong>Repr\u00e9sent\u00e9 par :<\/strong><br \/>Klaus Deichelbohrer<\/p>\n<h2>Contact<\/h2>\n<p>T\u00e9l\u00e9phone : 07227 50560<br \/>Courrier \u00e9lectronique : &#x69;&#x6e;&#x66;&#111;&#64;bi&#x6b;&#x65;&#x2d;&#122;&#101;nt&#x72;&#x75;&#x6d;&#46;&#100;e<\/p>\n<h2>Num\u00e9ro d&rsquo;identification de la taxe sur le chiffre d&rsquo;affaires<\/h2>\n<p>Num\u00e9ro d&rsquo;identification de la taxe sur le chiffre d&rsquo;affaires conform\u00e9ment au \u00a7 27 a de la loi sur la taxe sur le chiffre d&rsquo;affaires :<br \/>DE812499735<\/p>\n<h2>Responsable de la r\u00e9daction<\/h2>\n<p>Klaus Deichelbohrer<\/p>\n<h2>R\u00e8glement des litiges de l&rsquo;UE<\/h2>\n<p>La Commission europ\u00e9enne met \u00e0 disposition une plateforme de r\u00e8glement en ligne des litiges (RLL) <a href=\"https:\/\/ec.europa.eu\/consumers\/odr\/\" target=\"_blank\" rel=\"noopener noreferrer\">: https:\/\/ec.europa.eu\/consumers\/odr\/.<\/a><br \/>Vous trouverez notre adresse e-mail en haut dans les mentions l\u00e9gales.<\/p>\n<h2>R\u00e8glement des litiges de consommation\/organisme de conciliation universel<\/h2>\n<p>Nous ne sommes pas pr\u00eats ou oblig\u00e9s de participer \u00e0 des proc\u00e9dures de r\u00e8glement des litiges devant un organisme de conciliation des consommateurs.<\/p>\n<p>Source <a href=\"https:\/\/www.e-recht24.de\">: https:\/\/www.e-recht24.de<\/a><\/p>\n\t\t<\/div>\n\t\t\t\t\t<\/div>\n\n\t\n<\/div>\n\t\t<\/div>\n\n\t\t\n<style>\n#section_984017413 {\n  padding-top: 30px;\n  padding-bottom: 30px;\n}\n<\/style>\n\t<\/section>\n\t\n","protected":false},"excerpt":{"rendered":"","protected":false},"author":1,"featured_media":0,"parent":0,"menu_order":0,"comment_status":"closed","ping_status":"closed","template":"page-blank.php","meta":{"footnotes":""},"class_list":["post-2941","page","type-page","status-publish","hentry"],"yoast_head":"<!-- This site is optimized with the Yoast SEO plugin v27.5 - https:\/\/yoast.com\/product\/yoast-seo-wordpress\/ -->\n<title>Mentions l\u00e9gales - Bike-Zentrum Schwarzach<\/title>\n<meta name=\"robots\" content=\"index, follow, max-snippet:-1, max-image-preview:large, max-video-preview:-1\" \/>\n<link rel=\"canonical\" href=\"https:\/\/bike-zentrum.de\/fr\/mentions-legales\/\" \/>\n<meta property=\"og:locale\" content=\"fr_FR\" \/>\n<meta property=\"og:type\" content=\"article\" \/>\n<meta property=\"og:title\" content=\"Mentions l\u00e9gales - Bike-Zentrum Schwarzach\" \/>\n<meta property=\"og:url\" content=\"https:\/\/bike-zentrum.de\/fr\/mentions-legales\/\" \/>\n<meta property=\"og:site_name\" content=\"Bike-Zentrum Schwarzach\" \/>\n<meta property=\"article:modified_time\" content=\"2023-03-30T10:58:38+00:00\" \/>\n<meta name=\"twitter:card\" content=\"summary_large_image\" \/>\n<meta name=\"twitter:label1\" content=\"Dur\u00e9e de lecture estim\u00e9e\" \/>\n\t<meta name=\"twitter:data1\" content=\"1 minute\" \/>\n<script type=\"application\/ld+json\" class=\"yoast-schema-graph\">{\"@context\":\"https:\\\/\\\/schema.org\",\"@graph\":[{\"@type\":\"WebPage\",\"@id\":\"https:\\\/\\\/bike-zentrum.de\\\/fr\\\/mentions-legales\\\/\",\"url\":\"https:\\\/\\\/bike-zentrum.de\\\/fr\\\/mentions-legales\\\/\",\"name\":\"Mentions l\u00e9gales - Bike-Zentrum Schwarzach\",\"isPartOf\":{\"@id\":\"https:\\\/\\\/bike-zentrum.de\\\/#website\"},\"datePublished\":\"2023-01-14T16:50:29+00:00\",\"dateModified\":\"2023-03-30T10:58:38+00:00\",\"breadcrumb\":{\"@id\":\"https:\\\/\\\/bike-zentrum.de\\\/fr\\\/mentions-legales\\\/#breadcrumb\"},\"inLanguage\":\"fr-FR\",\"potentialAction\":[{\"@type\":\"ReadAction\",\"target\":[\"https:\\\/\\\/bike-zentrum.de\\\/fr\\\/mentions-legales\\\/\"]}]},{\"@type\":\"BreadcrumbList\",\"@id\":\"https:\\\/\\\/bike-zentrum.de\\\/fr\\\/mentions-legales\\\/#breadcrumb\",\"itemListElement\":[{\"@type\":\"ListItem\",\"position\":1,\"name\":\"Startseite\",\"item\":\"https:\\\/\\\/bike-zentrum.de\\\/fr\\\/\"},{\"@type\":\"ListItem\",\"position\":2,\"name\":\"Mentions l\u00e9gales\"}]},{\"@type\":\"WebSite\",\"@id\":\"https:\\\/\\\/bike-zentrum.de\\\/#website\",\"url\":\"https:\\\/\\\/bike-zentrum.de\\\/\",\"name\":\"Bike-Zentrum Schwarzach\",\"description\":\"F\u00fcr jeden das passende Rad. Garantiert.\",\"potentialAction\":[{\"@type\":\"SearchAction\",\"target\":{\"@type\":\"EntryPoint\",\"urlTemplate\":\"https:\\\/\\\/bike-zentrum.de\\\/?s={search_term_string}\"},\"query-input\":{\"@type\":\"PropertyValueSpecification\",\"valueRequired\":true,\"valueName\":\"search_term_string\"}}],\"inLanguage\":\"fr-FR\"}]}<\/script>\n<!-- \/ Yoast SEO plugin. -->","yoast_head_json":{"title":"Mentions l\u00e9gales - Bike-Zentrum Schwarzach","robots":{"index":"index","follow":"follow","max-snippet":"max-snippet:-1","max-image-preview":"max-image-preview:large","max-video-preview":"max-video-preview:-1"},"canonical":"https:\/\/bike-zentrum.de\/fr\/mentions-legales\/","og_locale":"fr_FR","og_type":"article","og_title":"Mentions l\u00e9gales - Bike-Zentrum Schwarzach","og_url":"https:\/\/bike-zentrum.de\/fr\/mentions-legales\/","og_site_name":"Bike-Zentrum Schwarzach","article_modified_time":"2023-03-30T10:58:38+00:00","twitter_card":"summary_large_image","twitter_misc":{"Dur\u00e9e de lecture estim\u00e9e":"1 minute"},"schema":{"@context":"https:\/\/schema.org","@graph":[{"@type":"WebPage","@id":"https:\/\/bike-zentrum.de\/fr\/mentions-legales\/","url":"https:\/\/bike-zentrum.de\/fr\/mentions-legales\/","name":"Mentions l\u00e9gales - Bike-Zentrum Schwarzach","isPartOf":{"@id":"https:\/\/bike-zentrum.de\/#website"},"datePublished":"2023-01-14T16:50:29+00:00","dateModified":"2023-03-30T10:58:38+00:00","breadcrumb":{"@id":"https:\/\/bike-zentrum.de\/fr\/mentions-legales\/#breadcrumb"},"inLanguage":"fr-FR","potentialAction":[{"@type":"ReadAction","target":["https:\/\/bike-zentrum.de\/fr\/mentions-legales\/"]}]},{"@type":"BreadcrumbList","@id":"https:\/\/bike-zentrum.de\/fr\/mentions-legales\/#breadcrumb","itemListElement":[{"@type":"ListItem","position":1,"name":"Startseite","item":"https:\/\/bike-zentrum.de\/fr\/"},{"@type":"ListItem","position":2,"name":"Mentions l\u00e9gales"}]},{"@type":"WebSite","@id":"https:\/\/bike-zentrum.de\/#website","url":"https:\/\/bike-zentrum.de\/","name":"Bike-Zentrum Schwarzach","description":"F\u00fcr jeden das passende Rad. Garantiert.","potentialAction":[{"@type":"SearchAction","target":{"@type":"EntryPoint","urlTemplate":"https:\/\/bike-zentrum.de\/?s={search_term_string}"},"query-input":{"@type":"PropertyValueSpecification","valueRequired":true,"valueName":"search_term_string"}}],"inLanguage":"fr-FR"}]}},"_links":{"self":[{"href":"https:\/\/bike-zentrum.de\/fr\/wp-json\/wp\/v2\/pages\/2941","targetHints":{"allow":["GET"]}}],"collection":[{"href":"https:\/\/bike-zentrum.de\/fr\/wp-json\/wp\/v2\/pages"}],"about":[{"href":"https:\/\/bike-zentrum.de\/fr\/wp-json\/wp\/v2\/types\/page"}],"author":[{"embeddable":true,"href":"https:\/\/bike-zentrum.de\/fr\/wp-json\/wp\/v2\/users\/1"}],"replies":[{"embeddable":true,"href":"https:\/\/bike-zentrum.de\/fr\/wp-json\/wp\/v2\/comments?post=2941"}],"version-history":[{"count":4,"href":"https:\/\/bike-zentrum.de\/fr\/wp-json\/wp\/v2\/pages\/2941\/revisions"}],"predecessor-version":[{"id":3112,"href":"https:\/\/bike-zentrum.de\/fr\/wp-json\/wp\/v2\/pages\/2941\/revisions\/3112"}],"wp:attachment":[{"href":"https:\/\/bike-zentrum.de\/fr\/wp-json\/wp\/v2\/media?parent=2941"}],"curies":[{"name":"wp","href":"https:\/\/api.w.org\/{rel}","templated":true}]}}

Mentions légales

<section class="section" id="section_984017413">
		<div class="section-bg fill" >
									
			

		</div>

		

		<div class="section-content relative">
			
<div class="row"  id="row-914332096">

	<div id="col-1798143704" class="col small-12 large-12"  >
				<div class="col-inner"  >
			
			
<h1>Mentions légales</h1>
<h2>Informations selon § 5 TMG</h2>
<p>Bike-Zentrum &#8211; Attissimo GmbH<br />Bahnhofstraße 2<br />77836 Rheinmünster</p>
<p>Registre du commerce : HR B 211355<br />Tribunal d&rsquo;enregistrement : AG Mannheim</p>
<p><strong>Représenté par :</strong><br />Klaus Deichelbohrer</p>
<h2>Contact</h2>
<p>Téléphone : 07227 50560<br />Courrier électronique : &#x69;&#x6e;&#x66;&#111;&#64;bi&#x6b;&#x65;&#x2d;&#122;&#101;nt&#x72;&#x75;&#x6d;&#46;&#100;e</p>
<h2>Numéro d&rsquo;identification de la taxe sur le chiffre d&rsquo;affaires</h2>
<p>Numéro d&rsquo;identification de la taxe sur le chiffre d&rsquo;affaires conformément au § 27 a de la loi sur la taxe sur le chiffre d&rsquo;affaires :<br />DE812499735</p>
<h2>Responsable de la rédaction</h2>
<p>Klaus Deichelbohrer</p>
<h2>Règlement des litiges de l&rsquo;UE</h2>
<p>La Commission européenne met à disposition une plateforme de règlement en ligne des litiges (RLL) <a href="https://ec.europa.eu/consumers/odr/" target="_blank" rel="noopener noreferrer">: https://ec.europa.eu/consumers/odr/.</a><br />Vous trouverez notre adresse e-mail en haut dans les mentions légales.</p>
<h2>Règlement des litiges de consommation/organisme de conciliation universel</h2>
<p>Nous ne sommes pas prêts ou obligés de participer à des procédures de règlement des litiges devant un organisme de conciliation des consommateurs.</p>
<p>Source <a href="https://www.e-recht24.de">: https://www.e-recht24.de</a></p>
		</div>
					</div>

	
</div>
		</div>

		
<style>
#section_984017413 {
  padding-top: 30px;
  padding-bottom: 30px;
}
</style>
	</section>

<!-- This site is optimized with the Yoast SEO plugin v27.5 - https://yoast.com/product/yoast-seo-wordpress/ -->
<title>Mentions légales - Bike-Zentrum Schwarzach</title>
<meta name="robots" content="index, follow, max-snippet:-1, max-image-preview:large, max-video-preview:-1" />
<link rel="canonical" href="https://bike-zentrum.de/fr/mentions-legales/" />
<meta property="og:locale" content="fr_FR" />
<meta property="og:type" content="article" />
<meta property="og:title" content="Mentions légales - Bike-Zentrum Schwarzach" />
<meta property="og:url" content="https://bike-zentrum.de/fr/mentions-legales/" />
<meta property="og:site_name" content="Bike-Zentrum Schwarzach" />
<meta property="article:modified_time" content="2023-03-30T10:58:38+00:00" />
<meta name="twitter:card" content="summary_large_image" />
<meta name="twitter:label1" content="Durée de lecture estimée" />
	<meta name="twitter:data1" content="1 minute" />
<script type="application/ld+json" class="yoast-schema-graph">{"@context":"https:\/\/schema.org","@graph":[{"@type":"WebPage","@id":"https:\/\/bike-zentrum.de\/fr\/mentions-legales\/","url":"https:\/\/bike-zentrum.de\/fr\/mentions-legales\/","name":"Mentions légales - Bike-Zentrum Schwarzach","isPartOf":{"@id":"https:\/\/bike-zentrum.de\/#website"},"datePublished":"2023-01-14T16:50:29+00:00","dateModified":"2023-03-30T10:58:38+00:00","breadcrumb":{"@id":"https:\/\/bike-zentrum.de\/fr\/mentions-legales\/#breadcrumb"},"inLanguage":"fr-FR","potentialAction":[{"@type":"ReadAction","target":["https:\/\/bike-zentrum.de\/fr\/mentions-legales\/"]}]},{"@type":"BreadcrumbList","@id":"https:\/\/bike-zentrum.de\/fr\/mentions-legales\/#breadcrumb","itemListElement":[{"@type":"ListItem","position":1,"name":"Startseite","item":"https:\/\/bike-zentrum.de\/fr\/"},{"@type":"ListItem","position":2,"name":"Mentions légales"}]},{"@type":"WebSite","@id":"https:\/\/bike-zentrum.de\/#website","url":"https:\/\/bike-zentrum.de\/","name":"Bike-Zentrum Schwarzach","description":"Für jeden das passende Rad. Garantiert.","potentialAction":[{"@type":"SearchAction","target":{"@type":"EntryPoint","urlTemplate":"https:\/\/bike-zentrum.de\/?s={search_term_string}"},"query-input":{"@type":"PropertyValueSpecification","valueRequired":true,"valueName":"search_term_string"}}],"inLanguage":"fr-FR"}]}</script>
<!-- / Yoast SEO plugin. -->

Mentions légales - Bike-Zentrum Schwarzach

Für jeden das passende Rad. Garantiert.
